third derivative of -7*v**4/4 + v**3/6 + 12*v**2. What are the prime factors of a(-1)?
43
Suppose -4*j + 3*y + y - 12 = 0, -4*j - y = -13. Suppose 0 = -h - 0*h + j. Suppose 42 = 2*m - h*o, -4*o = -m - 6*o + 33. List the prime factors of m.
5
Suppose -60 = 4*k - 16. Let o(d) = -d - 8. Let f be o(k). Suppose 0 = -2*z + c + 63, -7*z + 4*c = -f*z - 116. What are the prime factors of z?
2, 17
Let s(b) = -b**3 - 12*b**2 - 19*b + 6. Let r be s(-10). What are the prime factors of (r/(-6))/((-16)/(-6528))?
2, 17
Suppose 1213*p + 7665 = 1220*p. List the prime factors of p.
3, 5, 73
Suppose -3*h + 13 = -50. List the prime factors of ((-18)/h)/((-6)/84).
2, 3
Let p(n) be the first derivative of n**3/3 + n**2 + 7*n - 3. Let l be p(-4). Suppose -c + 45 = -3*k, -4*k - 5 - l = 0. List the prime factors of c.
2, 3, 5
Suppose -2*v = 12*z - 7*z - 1599, -5*z = -4*v + 3153. List the prime factors of v.
2, 3, 11
Let o be 3/2*(-48)/(-18). Suppose g + o*t - t = 40, -3*g - 2*t = -141. Suppose g = f - 1. List the prime factors of f.
2, 5
Let v(b) = -b**3 - 4*b**2 - 4*b - 2. Let d be v(-2). Let n be 3 + 1/(d/(-40)). Let k = n + 4. What are the prime factors of k?
3
Let y = -67 + 66. What are the prime factors of (1 + y/3)/(30/5355)?
7, 17
Let c = -111 + 350. List the prime factors of c.
239
Suppose 52*s + 9448 = 56*s. What are the prime factors of s?
2, 1181
Suppose 5*q + 706 = 4*u, -3*q = -4*u + u + 528. Suppose 4*j - u = 306. What are the prime factors of j?
2, 3, 5
Suppose -1930 = -4*n + 2*o, -o - 1449 = -3*n + 2*o. List the prime factors of n.
2, 241
Let c(a) = -19*a**3 + a**2. Let v be c(-1). Let m = v - -7. Let y = -12 + m. What are the prime factors of y?
3, 5
Suppose -7*b + 386 + 454 = 0. Let s = b - -90. List the prime factors of s.
2, 3, 5, 7
Let r(s) = -s**3 - 5*s**2 + 4*s - 8. Let j be r(-6). Suppose j*b - 15 = -b. Suppose -3*l + 6*l - 141 = b*k, 56 = l + 2*k. List the prime factors of l.
2, 5
Let w be (-8)/52 - (-134)/26. Suppose w*j + 5*f = 250, 2*j - f = -j + 150. What are the prime factors of j?
2, 5
Let w(g) = 402*g**2 + 8*g + 3. What are the prime factors of w(-2)?
5, 11, 29
List the prime factors of 10/(-2) - (-145 - 2*-1).
2, 3, 23
Suppose 0 = 2*q - 7 - 5. Suppose j = -19 - q. Let y = j - -36. List the prime factors of y.
11
Let r = -21 - -5. Let u = -11 - r. Suppose -u*s + 36 = -s. What are the prime factors of s?
3
Let a = 24 - 24. Suppose a*y + 42 = y + 5*u, 2*y = 2*u + 108. What are the prime factors of y?
2, 13
Suppose -3*d = -4*i + 497, 66 = d - 5*i + 239. Let j = d - -252. List the prime factors of j.
89
Suppose 0 = p + 4*m - 2*m, -2*m = 2. Let t(s) = 2*s**2 + s + 1. List the prime factors of t(p).
11
Let j be 15/2 - 1/(-2). Let f(r) = j + 7*r**2 + r**3 - 10*r - 2 - 2*r - r. What are the prime factors of f(-8)?
2, 23
Suppose 2*v = -b + 6*v + 509, 5*v = 10. List the prime factors of b.
11, 47
Suppose 12 = 4*z - 3*x + x, 0 = -3*z - 4*x - 2. Suppose 3*l + 34 = -z*r, -r = l + 13 + 2. What are the prime factors of ((-2)/5)/(r/880)?
2
Suppose 0 = -15*d + 21*d - 3240. List the prime factors of d.
2, 3, 5
Let b(p) = p**3 + 33*p**2 + 37*p - 2. List the prime factors of b(-29).
3, 7, 109
Let z(l) = 10*l**3 + 16*l**2 - 20*l + 50. What are the prime factors of z(5)?
2, 5
Suppose -3*y - y = 16. Suppose 3*n = 3*r + 21, -3*r + 5*n - n - 24 = 0. List the prime factors of 0 - y - 8/r.
2, 3
Let l be (-8)/20 - 2/(-5). Let j be ((l/3)/(-3))/2. Suppose -6 = -2*z - j. List the prime factors of z.
3
List the prime factors of 9 + -6 + 1452/2.
3
Suppose -z - 12 = 3*h + 5, -4 = 4*h. Let c(g) be the third derivative of -g**6/120 - g**5/4 - 5*g**4/8 - 7*g**3/6 - 2*g**2. What are the prime factors of c(z)?
7
Suppose -4*i + 4 = -0*i. Let b be 3 + (0 - -113)/i. What are the prime factors of 3/(-15) + b/5?
23
What are the prime factors of 32/560*-5 - (-17602)/14?
3, 419
Let x be ((-1)/(-2))/(11/22). What are the prime factors of x/4 - 4568/(-32)?
11, 13
Suppose -104 = -2*w - 8. Suppose 32 = 5*u - w. Let s = -8 + u. List the prime factors of s.
2
Suppose 0 = 5*r - 6*j - 21975, 0 = -r + 3*j + 5804 - 1400. What are the prime factors of r?
3, 7, 11, 19
Let k(h) = h**3 + 2*h + 5*h - 3*h + 15*h - 11 - 16*h**2. What are the prime factors of k(15)?
7
Let t be (-2)/11 - (-3075)/33. Let r = -37 + t. List the prime factors of r.
2, 7
Let c be 10/55 + 124/44. Let a(g) = 6 - 4*g**2 - c - 61*g**3 + 5*g**2 - 2 + g. List the prime factors of a(-1).
2, 31
Suppose 9*i - 352 = -3*m + 7*i, i = 4*m - 473. List the prime factors of m.
2, 59
Let c(g) = 39*g**2 + g. Let k be c(1). Suppose 2*x - 6*x + k = 3*h, h - 5*x = 7. Suppose 2*w = 40 - h. List the prime factors of w.
2, 7
Let w(c) = c**3 + c**2 - c + 12. Let k(n) = -n**2 + 4*n + 12. Let h be k(6). Let y be w(h). List the prime factors of -9*(-4)/y - -2.
5
Let u(x) = x**3 + 3*x**2 + x + 114. Suppose 6*b - 20*b = -11*b. What are the prime factors of u(b)?
2, 3, 19
Let h = -1654 + 2405. List the prime factors of h.
751
Let c be -2 + (-12)/(0 + -4). Let o = 2 + c. Let j = o + 0. What are the prime factors of j?
3
Let k = 23 - 21. Suppose -2*w = -k, 0 = 3*u - 0*w + w - 10. What are the prime factors of u?
3
Suppose 5*x + 3*n - 7763 = 0, -10*x + 6*x - 4*n = -6204. List the prime factors of x.
5, 311
Let h(a) = a**2 - 10*a - 8. Let f be h(11). Suppose 0*y = f*y - 72. Suppose y = 6*m - 96. What are the prime factors of m?
2, 5
Let t = 19 + -19. Suppose -2*h + 5*x + 385 = 2*x, t = 2*h + x - 405. What are the prime factors of h?
2, 5
Let x(s) = -8*s - 2. Let z be x(4). Let j be -3*(4 + z/6). Suppose -b = -i + 3*i - 20, 0 = -5*i - j*b + 60. List the prime factors of i.
2
Let a(k) = -2*k + 4. Let s be a(-6). Let r be (s/(-4))/(-4) + 13. Let w = 2 + r. What are the prime factors of w?
2
Suppose 6*y = 3*y - 6, 5*x - 16 = -2*y. Suppose -10 = -x*w + 2*w. Suppose 5*p - 235 = w*v, -3*v = 2*p - v - 90. What are the prime factors of p?
2, 23
Let n(h) = -h. Let t(d) = 7*d + 1. Let s(l) = 40*n(l) + 5*t(l). Let r = -49 + 44. List the prime factors of s(r).
2, 3, 5
Suppose -4*d + 618 = -10*d. What are the prime factors of d/(-4) - 48/64?
5
Let l = 41 + -30. Let n = l + 0. List the prime factors of n.
11
Suppose 3*s + 2*y = 3983, 2*y - 3*y + 6643 = 5*s. What are the prime factors of s?
3, 443
Suppose -2*f - 5 = -u - 91, f - 263 = 3*u. List the prime factors of 1278/16 - 11/u.
2, 5
Suppose 0 = 4*n - 7*n - 18. Let a(l) = l**3 + 7*l**2 - 2*l - 8. Let o be a(n). Let u = o + -17. List the prime factors of u.
23
Let g = -109 + 223. List the prime factors of g.
2, 3, 19
Let l = -77 - -62. List the prime factors of 2/((-4)/l)*(-66)/(-5).
3, 11
Let b(s) = -4*s**2 + 2*s - 18. Let c(l) = 8*l**2 - 5*l + 37. Let o(y) = -9*b(y) - 4*c(y). What are the prime factors of o(7)?
2, 7
Suppose 2895 = -7*m + 9888. Suppose -3*r = -2*o - 778, -5*r - 5*o = -r - m. What are the prime factors of r?
2
Let h be 14/(-4)*56/(-49). Suppose 551 = 5*z + v, -4*z = -h*v - 451 - 9. What are the prime factors of z?
3, 37
Let y be 1/(-1) + (-2270)/(-10). Let g = y + -158. What are the prime factors of g?
2, 17
Let v(q) = q**2 + 4*q + 5. Suppose 0*t + 14 = 2*t. What are the prime factors of v(t)?
2, 41
Let o = -183 + 325. List the prime factors of o.
2, 71
Let x(i) be the second derivative of -i**5/20 + 3*i**4/4 + 5*i**3/3 - 7*i**2/2 - 2*i. List the prime factors of x(8).
137
Let k be 1 + 0*(-3)/15. List the prime factors of 78/12*-1*(k + -15).
7, 13
Let l = -176 + 356. Suppose d + 3*d + 4*w = l, 80 = 2*d - 3*w. List the prime factors of d.
43
Suppose 17 = -5*b - u - 17, 2 = -b + u. List the prime factors of ((-807)/b - 1)*2.
3, 89
Let x(o) = -13*o**2 - 13*o - 22. Let z be x(-10). List the prime factors of z/(-18) - (-22)/(-99).
2, 3, 11
Let d(f) = f**3 + f**2 + 3. Let t(c) = 2*c**3 + c**2 + 7. Let p(m) = 9*d(m) - 4*t(m). Let z be p(-5). Let a = 35 + z. List the prime factors of a.
2, 17
Let i(d) be the third derivative of d**4/24 + 5*d**3/2 + 5*d**2. Let c be i(-6). List the prime factors of (-302)/(-18) - (-2)/c.
17
List the prime factors of ((-4)/(-6))/(1/1617).
2, 7, 11
Suppose 29 = 5*k + 2*o, 3*k - 2*o = 6*k - 19. Suppose 6*m - k = 11*m. Let x(f) = -47*f + 1. What are the prime factors of x(m)?
2, 3
Suppose -6*s + s + 20 = 0. Let i(c) = 26*c - 10. List the prime factors of i(s).
2, 47
Suppose -3*o 